e factors of g?
2, 3
What are the prime factors of (-1 - 0)/(3/(-30))?
2, 5
Let i(r) = 2*r**2 + 2*r - 1 - 3*r**2 + 4 + 2*r**2. Let w be i(-2). Suppose o = 2*t + 9 + 11, -4*o + w*t + 55 = 0. What are the prime factors of o?
2, 5
Let v = -143 + 196. What are the prime factors of v?
53
Suppose 8 = -5*c - 17. Let r be 2/c - 10/(-25). Suppose y - 10 = -3*w, 4*y = 5*w - r + 6. What are the prime factors of y?
2
Let p(c) = 3*c - 3. Suppose -1 = -v + 1. Let g be p(v). Let f = g - -1. List the prime factors of f.
2
Let s = -8 + 12. Suppose -7 + 71 = s*h. List the prime factors of h.
2
Let c be (-6 - -3 - -16) + 2. What are the prime factors of c/3*(4 + -3)?
5
Suppose 4*s - 3*h = 91 + 8, -2*s = 5*h - 17. Let y = s + -6. What are the prime factors of y?
3, 5
Let b be (162/4)/((-2)/(-4)). What are the prime factors of (2/(-3))/((-6)/b)?
3
Suppose 4*l = -l + 4*v - 18, 4*l - v = -21. Let m(d) = -d**3 - 7*d**2 - 6*d - 9. Let j be m(l). What are the prime factors of 0/(-5) - (j + -1)?
2, 5
Suppose -5*z + 910 = -95. List the prime factors of z.
3, 67
Let a(o) = -4*o + 3. Let r be a(-3). Suppose q = 0, q - 25 = -v - 3*q. Let g = v - r. What are the prime factors of g?
2, 5
Let j = 18 + -3. List the prime factors of j.
3, 5
Suppose 3*r + 6 = 5*r. Suppose r*l + 11 = 32. What are the prime factors of l?
7
Let c be (-2)/(-6)*3 - -3. Suppose -u = t + 3, 4*t = -9*u + c*u - 13. Let s = 7 - u. What are the prime factors of s?
2
Let d = 9 + -8. Suppose 0 = 2*j - l + d, 5*j - 3 = 3*l - 6*l. Suppose j = z - 5 - 1. List the prime factors of z.
2, 3
Suppose 0 = -4*c + 4*y + 26 - 62, -3*y = 0. Let h = c - -17. What are the prime factors of h?
2
Suppose -2*j + 170 = 3*j. What are the prime factors of j?
2, 17
Suppose -5*z + 1506 = -2*o, -2*o = 2*z + z - 894. List the prime factors of z.
2, 3, 5
Suppose -3*s - 5 = -5*w, 4*w + s - 3*s = 6. Suppose 0 = -w*g - 6 + 18, 2*a - 9 = -g. List the prime factors of (-18)/(-1*a) - -2.
2
Suppose a + 2 = -0*a - 5*h, -4*a + 36 = -2*h. List the prime factors of 2*(-20)/a*-5.
5
Suppose -6*x = -3*x - 4*b - 64, -2*b - 74 = -3*x. Suppose -2*v + v = -x. What are the prime factors of v?
2, 7
List the prime factors of (-2)/3*7/((-70)/2085).
139
Let i(b) = 27*b**3 - b**2 - b + 1. Let j be i(1). Suppose -34 - j = -4*w. List the prime factors of w.
3, 5
Suppose 3*s = -5*q + 336, 2*s - 66 = -q + 4. List the prime factors of q.
2, 3, 11
Suppose 5*l + 5*h = 460, 2*l = l - 4*h + 92. Let v = -62 + l. What are the prime factors of v?
2, 3, 5
Suppose 2*m = 6*m. List the prime factors of 11 - -1 - (m - -3).
3
What are the prime factors of -2 - 104/(4/(-1))?
2, 3
Let j(l) = -l**3 - 3*l - 7. List the prime factors of j(-3).
29
Let t(a) = 2*a**3 + a**2 - 2*a + 4. Let y be t(3). Let d = y + -42. What are the prime factors of d?
19
Let j be -28*-1*(-3)/(-6). Let r be 24/j + (-2)/(-7). Suppose 12 = r*g - 2. List the prime factors of g.
7
Suppose -298 = -3*k - 76. List the prime factors of k.
2, 37
Let w(r) = -r - 9. Let a be w(-12). Let d(g) = 2*g**3 - 2*g**2 - 4*g - 1. List the prime factors of d(a).
23
Suppose -h + 0 = -2. Suppose 2*l - g + 0*g - h = 0, -3*l - 2*g = -17. What are the prime factors of l?
3
Let i(v) = 2*v**2 - 7*v - 2. What are the prime factors of i(7)?
47
Let b(o) = o + 4. List the prime factors of b(2).
2, 3
Let k(r) be the second derivative of -r**4/12 - 4*r**3/3 + 2*r**2 + r. List the prime factors of k(-8).
2
Suppose -2*n + 56 - 12 = 0. Suppose 0 = -s - s + n. What are the prime factors of s?
11
What are the prime factors of 672/36 - (4/6 - 1)?
19
Let o be -6*(15/(-6))/5. Let q = 14 + -14. Let i = q + o. What are the prime factors of i?
3
Suppose 9*x - 39 = 6*x. List the prime factors of x.
13
Let c(z) = -z**3 + 3*z**2 + 3*z + 1. Let q be c(3). Suppose 2*o = o - q. List the prime factors of ((-3)/(-2))/((-5)/o).
3
Suppose 0 = 5*h + p - 225, -3*h - 3*p + 153 = 30. List the prime factors of h.
2, 23
Let i be (0 + 2)*(-278)/(-4). Suppose 16 = 5*r - i. Let b = r - 19. List the prime factors of b.
2, 3
Let x(o) = 4*o + 0*o - 3*o - 2 + 10. Let z be x(-4). Suppose -7 = -z*w + 1. List the prime factors of w.
2
Let g(w) = 41*w - 7. Let a(v) = 20*v - 4. Let b(x) = -5*a(x) + 3*g(x). List the prime factors of b(1).
2, 11
Suppose -2*h - 5 = -d - 24, 2*h - 14 = 2*d. List the prime factors of h.
2, 3
Suppose -3*u = 4*n - 13, 5*u - 2*n - 28 - 11 = 0. Suppose -2*v = -0*v. Suppose -3*g + u*g - 24 = v. What are the prime factors of g?
2, 3
Let l be 4/(-10) + 217/5. Suppose -k - 15 = -f, -3*f + 0*k + 5*k = -l. List the prime factors of f.
2
Let f(m) = m**3 + 7*m**2 - 4. Let p be f(-7). Let j(n) = n**2 + 4*n - 1. Let r be j(p). List the prime factors of r + (2 + 1 - 0).
2
Suppose -5*f - 20 = 0, -3*o - f = -0*f - 104. Let a = o + -25. Suppose 9 = 2*m - a. List the prime factors of m.
2, 5
Let w be 0 + 2*(-3)/(-6). Let z be (1 - -1 - w) + 3. Suppose -z*o + 18 = 2*m, -5*m = -3*o - 2*m + 9. List the prime factors of o.
2
Let k = -42 - -29. Let n = k - -19. List the prime factors of n.
2, 3
Let h be 22/10 - (-1)/(-5). Let c be ((-4)/6)/(h/(-6)). Suppose c*y - 34 = 8. List the prime factors of y.
3, 7
Suppose 3*u + 247 = 6*u - 2*b, 4*u - 2*b - 330 = 0. List the prime factors of u.
83
Suppose 5*k + 4*y - 112 = 62, -y = 2*k - 69. What are the prime factors of k?
2, 17
Let o be 73 - (-1)/(-2)*-2. Suppose p = -p + o. What are the prime factors of p?
37
Let f(g) = 3*g - 11. Let n(j) = 2*j - 7. Let s(z) = 5*f(z) - 8*n(z). Suppose -a - 1 - 1 = 0. List the prime factors of s(a).
3
Let l = 7 + -3. Suppose -5*t + 72 = -t + l*k, 4*t = -5*k + 70. What are the prime factors of t?
2, 5
Suppose -1 = -3*w + 38. What are the prime factors of (-6)/2 - (2 - w)?
2
Suppose 10 = 3*c + 2*c. Let z = 24 + -17. Suppose -z*o + 65 = -c*o. List the prime factors of o.
13
Let h = -8 + 11. Let z(f) = 3*f**2 - 6*f + 3. List the prime factors of z(h).
2, 3
Let p = 42 + -26. List the prime factors of p.
2
Let c be ((-1)/(-2))/((-1)/4). Let g be c/(-7) + 57/21. Suppose x - g*x + 20 = 0. What are the prime factors of x?
2, 5
Suppose -6*l + 42 = -3*l. Suppose -3*k = -l + 2. Suppose -3*a + a + 3 = -5*h, 0 = -k*a - 2*h + 18. What are the prime factors of a?
2
Suppose 0 = -2*v + 12 - 4. Suppose 4*m + 2 = 5*d - 3, -5*m + 2*d - 2 = 0. Suppose m = -t + v + 16. List the prime factors of t.
2, 5
Let f be (-8)/20 - 214/(-10). Suppose -s - f = -4*s. List the prime factors of s.
7
Let y = 33 - 19. Let i(p) = -y*p + 0 + 0 - 1. What are the prime factors of i(-1)?
13
Suppose 5*t - 1 = -2*r, 0 = -0*r + r + t - 2. What are the prime factors of r?
3
List the prime factors of 418/3 - (15/(-9) + 1).
2, 5, 7
Let y(c) = 3*c**2 + 5*c - 4. Let g be y(-4). Suppose 5*f - 8*f = -g. List the prime factors of f.
2
Suppose -20 = -3*m - 2. List the prime factors of m.
2, 3
Suppose -5*m + 105 + 340 = 0. What are the prime factors of m?
89
Let v(t) = -t**2 + 3*t - 4. Let h be v(-6). Let u = -37 - h. Suppose 0 = 2*q - 15 - u. What are the prime factors of q?
2, 3
Suppose 3*p = -5*b - 99 - 24, 0 = -2*p - b - 75. List the prime factors of ((-6)/(-4))/((-6)/p).
3
Let q(t) = t**3 - 19*t**2 + 4*t + 42. What are the prime factors of q(19)?
2, 59
Let h = 18 - 25. Let a be ((-6)/4)/(h/14). Suppose y - 36 = -a*y. List the prime factors of y.
3
Let g(r) = r**2 + 2. Let t be g(0). Let u(b) = b**3 + b**2 + 2. What are the prime factors of u(t)?
2, 7
Suppose 0 = -3*o - 5*w + 118, 7*o - 2*o + 5*w - 180 = 0. What are the prime factors of o?
31
Suppose -2*g - 5*m = -7, 0*g - 4*m = -2*g + 52. Suppose 0 = -4*o + 20, g = 3*d - 2*d - 3*o. List the prime factors of d.
31
Let v(p) = -2*p + 10. Let s be v(7). Let i(j) be the third derivative of -j**6/120 - j**5/20 + j**4/24 + 5*j**3/6 + 4*j**2. List the prime factors of i(s).
17
Suppose -4*k + 3*c + 272 = -2*c, 5*k = c + 319. What are the prime factors of k?
3, 7
Suppose -3*x - 7 - 2 = 0. Suppose 3*c = -c - 152. List the prime factors of 2/x - c/3.
2, 3
Suppose t = 7 + 9. Suppose t = 4*a, -26 = 2*j + 4*a - 74. What are the prime factors of j?
2
Let b = -58 - -34. Let h be 18/b*-1*4. Let z = h + -1. What are the prime factors of z?
2
Suppose n + l = 4*l - 4, 3*n + 3*l - 36 = 0. Let w = n - 4. List the prime factors of w.
2
Let d(l) = 20*l - 4. Let m be d(3). Let y = 79 - m. What are the prime factors of y?